- 6. Let x be s(-5). Let b = x + 82. Let f(g) = -g - g**2 - 5 + 1 - 5*g - 2. Give f(b).
2
Let u = -48538 + 48539. Let h(z) = -57*z**2 + 4*z - 4. Give h(u).
-57
Let b(x) = 649*x**2 - 622*x - 8. Let u(g) = -96*g**2 + 89*g + 1. Let q(f) = -4*b(f) - 27*u(f). Determine q(22).
-61
Let g(u) be the first derivative of -u**4/4 + u**2 - 14*u + 5824. Calculate g(-3).
7
Let j(b) = 7 + 69497*b + 69462*b - 138952*b. Suppose -5*g = 5*i, -6 = 4*i - 0*g + 2*g. Give j(i).
-14
Let p(z) = z**3 - 16*z**2 + 8*z - 20. Let n(a) = -2*a**2 + 2*a + 1. Let q(v) = 3*n(v) - p(v). Give q(10).
3
Suppose 0 = o - i - 19 + 7, o = 4*i + 27. Let t(b) = -b**2 + 6*b - 2. Determine t(o).
-9
Let z(d) = d**2 + 2*d - 7. Let h be ((-1700)/(-306))/(-1 - (-10)/9). Suppose -m - 4 + 13 = 0. Suppose -m*v + h = v. What is z(v)?
28
Suppose 6*g + 36 = 2*g. Let x(f) = 0*f + 2437*f**2 - 13 - 11*f - 2438*f**2. Calculate x(g).
5
Let l(b) = 2*b**2 + 6. Let j be (-9)/(-3)*(-4)/6. Let o(c) = -c**2 - 2. Let p(w) = j*l(w) - 5*o(w). Give p(-4).
14
Let g(h) be the third derivative of -h**7/5040 - h**5/30 - 11*h**4/6 - 7*h**2 + 5*h. Let u(d) be the third derivative of g(d). Give u(-3).
3
Let f(m) be the second derivative of 0 - 5/6*m**3 + 12*m + 1/12*m**4 - 3/2*m**2. Let k be (9/(-15))/((-2)/20). Determine f(k).
3
Let y be (1 - 1) + (-20)/(-6)*(-3)/2. Let m(r) = -5*r + 2. Give m(y).
27
Suppose 1 = h + 9. Let b(v) = 370 + 809 + 2*v - 1178. Determine b(h).
-15
Let y = -103 + 100. Let l be (36/7)/y*(-7)/2. Let k(m) = -2*m + 5*m + m + 8 - m**3 + 5*m**2. Calculate k(l).
-4
Let g be (6/(-11))/(10/55). Let j(m) = 2*m**2 + m - 10. Determine j(g).
5
Let p(k) = 40 + 47*k**2 + k + 41*k**2 - 89*k**2 - 3*k - 3*k. Give p(4).
4
Let z(s) = -37*s**2 - 3*s - 14. Let l(h) = 17*h**2 + h + 6. Let m(y) = -13*l(y) - 6*z(y). Let u be 1/(-2) + (135/(-6))/5. Give m(u).
6
Suppose g + 80091 = 10*g. Let b(w) = 4453*w + 4443*w - 1 - g*w. Calculate b(3).
-10
Let t(m) = -3 - 1444*m**2 - 4*m**3 + 3*m**3 + 3*m + 7*m - 2 + 1446*m**2. Determine t(-3).
10
Let p be 4 - 1 - 17/((-51)/63). Suppose 11 = 7*l - p. Let o(h) = -h - 3. What is o(l)?
-8
Let m(v) = -50*v. Suppose -c = -4*k, -15 = -12*k + 13*k - 4*c. Give m(k).
-50
Let p be 16/64 + (-15)/(-4). Let b(l) = 0 + 3*l - l**3 + 4*l + 3 - p*l**2. Let n = -62 + 57. Determine b(n).
-7
Let a(j) = -5*j + 4. Let l(s) = -s**2 + 18*s - 79. Let h be l(13). Let d(b) = -3 - 3*b - 11*b + 7 - b**2. Let g be d(h). Give a(g).
-16
Suppose -11 = -6*i + 1. Let k(x) = -465 - 471 - 8*x - x**i + 941. Determine k(-7).
12
Let o(i) be the first derivative of i**3/3 - 3*i**2/2 - 6*i - 1145. Suppose -17 = -4*j + 3. What is o(j)?
4
Let r(z) = 2*z**2 + 3*z - 7. Let a be (-3)/4*(-128 - -132). What is r(a)?
2
Let b(w) = 3*w - 9. Let a be b(7). Let h(p) be the third derivative of 1/12*p**4 - p**2 + 16 - 3*p**3 + 0*p. What is h(a)?
6
Let r be 23 + (5 - 2) - -5. Let n(i) = i**3 + 3*i**2 + 6*i. Let b be n(-4). Let m = r + b. Let s(q) = q**3 + 8*q**2 - 8*q + 3. Calculate s(m).
-6
Let q be (-57)/(-9)*-41 - 7/21. Let k be q/(-40) - (-1)/2. Let w(m) = 12 - 6 - 6*m + m**2 - 10. What is w(k)?
3
Let g(m) = -9*m - 6. Let d(s) = 4*s + 3. Let t(b) = 7*d(b) + 3*g(b). Let i be (24 + 1)*(-150)/(-250). Suppose 22 = i*v - 38. Calculate t(v).
7
Suppose 4*z - 10*y + 14*y = 12, -5*z - 4*y + 14 = 0. Let g(n) = -2 - n**3 - 1 + 2*n**2 + 0 + n**2. Determine g(z).
1
Let q(i) = -2*i + 15. Suppose 15*d + 80 = 20*d. Let k(t) = t**2 - 17*t + 26. Let w be k(d). What is q(w)?
-5
Let i(v) be the third derivative of v**6/120 - 9*v**5/20 - 29*v**4/24 + 7*v**3/3 - 212*v**2 + 1. Give i(28).
-14
Suppose -45*s + 14 = -47*s + 4*t, -s = 2*t - 9. Let x(g) = -56*g - 1. Calculate x(s).
-57
Let y(i) = -24*i + 683. Let j(p) = -4*p + 105. Let k(t) = 13*j(t) - 2*y(t). Suppose 2*q + 5*a + 16 = 0, 0 = 4*q - 0*a + 2*a. What is k(q)?
-9
Let b = -521 - -621. Let k(l) = -105 - 3*l + b + l + 3*l. Give k(2).
-3
Let n(o) = o. Suppose g + 5*m + 72 = 0, -56 - 70 = 2*g + 4*m. Let u = g + 72. Suppose -3*c = 4*r - 6, u = 3*c - 4*r - 15. What is n(c)?
6
Let w(j) = j**2 + 8*j + 10. Let v be w(-7). Suppose -v*r + 5 = 3*a + 2, -2*r + a - 7 = 0. Let l(d) = -3*d**3 + 3*d**2 - 2. Give l(r).
34
Let i(a) = -1 - 51*a**2 + 217*a**2 - 45*a**2 - 19*a**2 + 5*a - 56*a**2 - 47*a**2. Let r(h) = h**2 - h - 1. Let n be r(3). What is i(n)?
-1
Suppose 0*n = 5*n - 10. Suppose 4*i - 3 = -5*v, -3*v + 21 = -2*i - n*i. Let z(s) = 14*s**3 + 4 - 3 - 13*s**v + s**2. Give z(-2).
-3
Suppose 10*h = 139 + 161. Suppose -4*o + h = o. Let q(l) = o + 7 - 10 - 5*l. What is q(2)?
-7
Suppose 6*p + 2 = 8*p + 3*l, 1 = p + l. Let j(a) be the first derivative of a**4/4 + a**2 - a - 4690. Determine j(p).
2
Let b(p) = -5*p - 3. Let k be (60137/(-35))/11 + (-1)/(-5). Let o = k - -152. Determine b(o).
17
Let i(z) = 4*z + 21 - 2*z - 21. Let k be (-6)/(-93) + 561/(-527). Give i(k).
-2
Let l(v) = -2*v + 9. Suppose -37 = -9*d - 19. Suppose 5*j + s = -d*s + 12, -2*s + 8 = -4*j. What is l(j)?
9
Let p(o) = o**3 - 22*o**2 + 21*o - 7. Suppose 2129*r = 2131*r - 42. Give p(r).
-7
Let f be -1*6/9*135/(-6). Suppose f*w - 17*w = -8. Let x(g) = -2*g + 3. Calculate x(w).
-5
Let l(y) = y**2 + 2*y - 1. Let n(v) = v**2 + 9*v - 50. Let f be n(-13). Suppose 4*o + 13 = -3*r, f*r - 2*o + 5*o + 10 = 0. What is l(r)?
2
Let y(g) = g**2 - 15*g - 49. Let l be 21 + 2 + -1 - 117*(-108)/(-2106). What is y(l)?
-33
Let l be 6/15 + (-9596)/(-10). Suppose c - 2*w - 320 = -w, l = 3*c + 5*w. Let q(v) = -c - 2*v**2 - 2*v - 5*v + 316. What is q(-4)?
-8
Let t(k) = -12*k**3 + 20*k**2 - 14*k - 67. Let p(j) = 7*j**3 - 13*j**2 + 7*j + 34. Let z(b) = -5*p(b) - 3*t(b). Give z(-5).
-4
Let t(n) = -671700304 + 3*n + 671700304. Let l(c) = -c**2 - c + 1. Let k be l(-2). What is t(k)?
-3
Let j(c) = 3 + 0 + 5 + 7 + 2*c**3 - 12 + 3*c**2. Let g be (1 - (2 - 4))*-1. Calculate j(g).
-24
Let n be (257/4 - (-6)/24)*-4. Let i = -256 - n. Let c(t) = -2*t**3 - 2*t**2 + 4*t - 3. What is c(i)?
-19
Let y(v) = v**3 - v**2 - 5*v + 4. Suppose 0 = 141*l - 143*l. Suppose l = 79*d - 75*d + 220. Let w = d + 58. What is y(w)?
7
Let x(p) = 4*p**3 + 3*p**3 - 8*p**3 + 32*p - 32*p**2 - 2*p**3 + 4*p**3 - 32. What is x(31)?
-1
Suppose -y + 3 = -5*t, -y = -0*y - 3*t - 9. Let c be (-57)/y + 5/30. Let b(z) = z**3 + 5*z**2 + z - 4. Determine b(c).
11
Let z be -2 + (-1)/(20/(-8) - -3). Let a be (z/3)/(-1 - 7/(-9)). Suppose 0*o - 3*o - a = 0. Let g(m) = -4*m - 2. Determine g(o).
6
Let a(y) = y**3 - 2*y**2 - 3*y + 3. Let m(u) = -61*u + 61. Let o be m(1). Calculate a(o).
3
Let m(w) be the third derivative of w**6/120 + w**5/6 + 5*w**4/8 + 13*w**3/2 - 2*w**2 + w - 1355. Determine m(-9).
-15
Let b = 92 + -91. Let w(s) = -8*s - 3*s - 1 + s - 6*s. Determine w(b).
-17
Suppose 2 = -2*j + 3*y, 3 - 17 = 4*j - y. Let z(l) = l. Give z(j).
-4
Let v(h) = -3*h - 2. Let c be (-2)/(-13) + 24/78*-7. Let u(i) = -98*i - 7. Let m be u(c). Suppose 0 = -s - m + 193. What is v(s)?
-14
Let f(k) be the third derivative of -k**4/12 + 5*k**3/6 - k**2 + 24*k. Suppose 28 + 40 = 5*y + 4*t, 2*t = 4*y - 44. Let w be ((-10)/(-4))/(6/y). Determine f(w).
-5
Let y(x) = x**2 + x. Let i(n) = 5*n**2 + 7*n. Let u = 50 + -51. Let p(b) = u*i(b) + 6*y(b). Let q(d) = -2*d**2 - 4*d + 9. Let r(j) = 3*p(j) + q(j). Give r(6).
3
Let l(q) = -q**3 - 4*q**2 - 2*q + 4. Let a be (((-5913)/(-108))/(2/(-16)))/2. Let i = a + 216. Calculate l(i).
1
Let c(v) = -5*v - 72. Let b be c(-15). Let x be b - (10/(-25))/(2/(-60)). Let k(h) = -h**2 - 11*h - 12. What is k(x)?
6
Let t(r) be the third derivative of -10*r**4/3 + 2*r**3/3 - 8*r**2 - 14*r. Calculate t(1).
-76
Suppose -126*l + 146*l = -42 + 382. Let u(f) = -f**2 + 19*f - 30. Calculate u(l).
4
Suppose 0 = -5*g + 111 - 26. Let z(d) = 3*d - 5 - g + 13. Give z(5).
6
Let j(q) be the third derivative of 0*q + 1/24*q**4 + 1/6*q**3 + 34*q**2 - 1/60*q**5 + 0. Give j(-1).
-1
Let x = 80309/12 + -6692. Let l(p) be the second derivative of 0 + 5/6*p**3 - 1/20*p**5 + 16*p + x*p**4 + p**2. Determine l(6).
-4
Let x(k) = 0*k - 3*k - 16*k - 9*k + 831 - 627. Give x(7).
8
Let k(f) = -211*f - 213. Let w be k(-1). Let b(i) = 51*i + 1. Determine b(w).
-101
Let t(q) = 3*q - 2. Let n be (-112)/(-5 - -13) - -18. Let z = 2 + -2. Suppose c + n*c - 20 = z. Determine t(c).
10
Let k(o) = -o**2 - 12*o - 27. Let w be k(-9). Let g(i) be the second deriv